{"id":85,"date":"2016-02-15T09:58:28","date_gmt":"2016-02-15T09:58:28","guid":{"rendered":"http:\/\/schoenaker-institut-saar.de\/?page_id=85"},"modified":"2016-02-15T10:03:03","modified_gmt":"2016-02-15T10:03:03","slug":"ausbildung","status":"publish","type":"page","link":"https:\/\/schoenaker-institut-saar.de\/?page_id=85","title":{"rendered":"Ausbildung"},"content":{"rendered":"<h3>Ausbildung &#8222;Mut tut gut f\u00fcr Eltern\/Erzieher\/P\u00e4dagogen&#8220;<\/h3>\n<p>Als Ermutigungstrainer\/in k\u00f6nnen Sie Eltern\/Erzieher und P\u00e4dagogen helfen, die Pers\u00f6nlichkeit des Kindes zu erkennen, konstruktiv zu unterst\u00fctzen, Selbstbewusstsein und Selbstst\u00e4ndigkeit aufzubauen und zu st\u00e4rken, so dass eine lebendige und herzliche Beziehung die Atmosph\u00e4re pr\u00e4gt, in der Wachstum und Entwicklung m\u00f6glich ist.<\/p>\n","protected":false},"excerpt":{"rendered":"<p>Ausbildung &#8222;Mut tut gut f\u00fcr Eltern\/Erzieher\/P\u00e4dagogen&#8220; Als Ermutigungstrainer\/in k\u00f6nnen Sie Eltern\/Erzieher und P\u00e4dagogen helfen, die Pers\u00f6nlichkeit des Kindes zu erkennen, konstruktiv zu unterst\u00fctzen, Selbstbewusstsein und Selbstst\u00e4ndigkeit aufzubauen und zu st\u00e4rken, so dass eine lebendige und herzliche Beziehung die Atmosph\u00e4re pr\u00e4gt, in der Wachstum und Entwicklung m\u00f6glich ist.<\/p>\n","protected":false},"author":1,"featured_media":0,"parent":25,"menu_order":5,"comment_status":"closed","ping_status":"closed","template":"","meta":{"footnotes":""},"_links":{"self":[{"href":"https:\/\/schoenaker-institut-saar.de\/index.php?rest_route=\/wp\/v2\/pages\/85"}],"collection":[{"href":"https:\/\/schoenaker-institut-saar.de\/index.php?rest_route=\/wp\/v2\/pages"}],"about":[{"href":"https:\/\/schoenaker-institut-saar.de\/index.php?rest_route=\/wp\/v2\/types\/page"}],"author":[{"embeddable":true,"href":"https:\/\/schoenaker-institut-saar.de\/index.php?rest_route=\/wp\/v2\/users\/1"}],"replies":[{"embeddable":true,"href":"https:\/\/schoenaker-institut-saar.de\/index.php?rest_route=%2Fwp%2Fv2%2Fcomments&post=85"}],"version-history":[{"count":1,"href":"https:\/\/schoenaker-institut-saar.de\/index.php?rest_route=\/wp\/v2\/pages\/85\/revisions"}],"predecessor-version":[{"id":87,"href":"https:\/\/schoenaker-institut-saar.de\/index.php?rest_route=\/wp\/v2\/pages\/85\/revisions\/87"}],"up":[{"embeddable":true,"href":"https:\/\/schoenaker-institut-saar.de\/index.php?rest_route=\/wp\/v2\/pages\/25"}],"wp:attachment":[{"href":"https:\/\/schoenaker-institut-saar.de\/index.php?rest_route=%2Fwp%2Fv2%2Fmedia&parent=85"}],"curies":[{"name":"wp","href":"https:\/\/api.w.org\/{rel}","templated":true}]}}